nd 2386228?
421
What is the highest common factor of 551 and 13117?
1
Calculate the greatest common factor of 424670 and 740.
10
Calculate the greatest common factor of 341160 and 174120.
120
What is the highest common factor of 48 and 5471785296?
48
Calculate the greatest common divisor of 29 and 11537447.
29
What is the highest common factor of 2604 and 473676?
84
Calculate the highest common divisor of 260962 and 8502.
26
Calculate the greatest common factor of 826838 and 1793564.
2498
What is the highest common factor of 396 and 7609833?
99
What is the greatest common divisor of 262 and 601525931?
131
Calculate the highest common factor of 318097863 and 51.
51
What is the highest common factor of 5 and 5167995?
5
What is the greatest common divisor of 112344 and 1092192?
744
What is the greatest common divisor of 12 and 6418612?
4
What is the highest common factor of 3552 and 391164?
444
Calculate the greatest common divisor of 612459 and 1071.
153
Calculate the highest common divisor of 3927 and 94397940.
357
Calculate the highest common divisor of 40032 and 6772914.
2502
Calculate the greatest common divisor of 42152 and 19596848.
3832
What is the greatest common divisor of 789 and 618963?
3
What is the greatest common divisor of 3868 and 853849396?
3868
Calculate the highest common factor of 1785538 and 39401.
961
Calculate the highest common factor of 715 and 942305.
65
Calculate the greatest common divisor of 348683 and 2241.
83
Calculate the highest common divisor of 77964 and 1578504.
1068
What is the highest common divisor of 227832662 and 774?
86
Calculate the highest common factor of 1696709 and 28675.
37
What is the greatest common divisor of 36199716 and 756?
84
Calculate the greatest common factor of 566 and 1038567833.
283
Calculate the greatest common factor of 17 and 123909566.
17
What is the greatest common divisor of 102648 and 10306254?
1974
Calculate the greatest common factor of 2172648 and 36.
12
What is the highest common factor of 60215 and 42645?
5
What is the greatest common divisor of 1199 and 17827931?
1199
Calculate the highest common divisor of 479817 and 12168.
117
Calculate the highest common factor of 699 and 49497.
3
What is the greatest common factor of 4474717 and 13?
13
Calculate the greatest common factor of 2064 and 1559952.
48
What is the highest common divisor of 46 and 1249590?
46
Calculate the greatest common divisor of 20876897 and 87.
29
Calculate the highest common factor of 35 and 48992935.
5
Calculate the highest common factor of 12425 and 143191025.
1775
What is the greatest common factor of 2231063 and 1769953?
3547
Calculate the greatest common divisor of 1935 and 15055.
5
What is the highest common factor of 51784 and 5576?
8
Calculate the highest common divisor of 2578005 and 4248.
531
What is the greatest common divisor of 315 and 39085490?
5
What is the highest common divisor of 62802 and 9244687?
1163
What is the highest common divisor of 297392328 and 424?
424
What is the greatest common divisor of 270 and 3969257850?
270
Calculate the highest common divisor of 5564 and 9537124.
428
What is the highest common divisor of 430 and 6620170?
10
Calculate the greatest common factor of 226848 and 816000.
1632
Calculate the greatest common factor of 838094896 and 218.
218
What is the greatest common divisor of 12951225 and 27?
27
Calculate the highest common divisor of 48896 and 72704.
256
What is the greatest common divisor of 101193200 and 100?
100
Calculate the greatest common divisor of 197519 and 139742677.
4031
Calculate the highest common divisor of 23494130 and 26030.
1370
Calculate the highest common divisor of 84714501 and 2124.
177
Calculate the highest common factor of 6144 and 154048.
64
What is the greatest common factor of 351 and 4150887?
39
What is the greatest common factor of 15326 and 2170860?
194
What is the highest common divisor of 30 and 19037406?
6
What is the highest common factor of 146225193 and 5268?
1317
What is the greatest common factor of 1032062 and 17376?
362
What is the greatest common divisor of 26522 and 6477954?
178
What is the highest common factor of 520 and 30335955?
65
What is the greatest common divisor of 1583500 and 34000?
500
What is the highest common factor of 8256 and 541871552?
2752
Calculate the greatest common divisor of 8624626 and 925.
37
Calculate the greatest common factor of 497141169 and 1533.
1533
Calculate the highest common factor of 1419156 and 3924.
36
Calculate the greatest common divisor of 49941 and 37053.
1611
Calculate the highest common factor of 36 and 47967156.
36
Calculate the highest common divisor of 780 and 269738040.
780
What is the greatest common divisor of 51018 and 7376739?
2319
Calculate the highest common divisor of 30173623 and 204.
17
What is the greatest common factor of 89 and 70389566?
89
What is the highest common divisor of 151069510 and 1195?
1195
What is the highest common divisor of 855 and 823479?
57
Calculate the greatest common divisor of 32 and 20992260.
4
Calculate the greatest common factor of 276959 and 815674.
661
Calculate the greatest common factor of 147 and 15301769.
49
Calculate the highest common divisor of 604376947 and 19.
19
What is the highest common divisor of 1071 and 615388389?
357
Calculate the greatest common divisor of 74960 and 856040.
40
What is the greatest common factor of 12999 and 29629054?
4333
What is the greatest common divisor of 5107632 and 113296?
1552
What is the greatest common divisor of 199789 and 1533650?
829
What is the highest common divisor of 7257 and 35345661?
177
What is the greatest common divisor of 7557 and 111040039?
2519
What is the greatest common divisor of 10824020 and 5?
5
Calculate the greatest common divisor of 32435 and 640575.
65
What is the greatest common divisor of 4 and 4486585?
1
What is the highest common divisor of 310455449 and 23?
23
Calculate the highest common divisor of 10798699 and 21592.
2699
Calculate the greatest common factor of 30430 and 15291970.
1790
Calculate the highest common divisor of 3553 and 14609375.
187
Calculate the greatest common factor of 13644 and 19204688.
1516
Calculate the highest common divisor of 12117 and 1404.
3
What is the greatest common factor of 4460832 and 756?
108
Calculate the highest common divisor of 24200 and 4050.
50
What is the highest common divisor of 2252 and 71839363?
563
What is the highest common factor of 7 and 12664477?
7
Calculate the highest common factor of 12523 and 1115380.
7
What is the greatest common factor of 865126286 and 1778?
254
What is the highest common factor of 99583528 and 22704?
3784
Calculate the highest common factor of 6 and 68279466.
6
Calculate the greatest common divisor of 869 and 3668681.
79
What is the greatest common divisor of 47009509 and 206?
103
Calculate the highest common divisor of 304389358 and 2002.
182
Calculate the highest common divisor of 57987 and 848581.
379
What is the greatest common divisor of 873 and 16137?
9
Calculate the greatest common divisor of 159 and 1118300.
53
What is the highest common factor of 7467 and 21700281?
393
What is the highest common divisor of 766014425 and 12650?
6325
What is the greatest common factor of 423655520 and 320?
160
What is the greatest common factor of 40632039 and 28518?
2037
Calculate the greatest common divisor of 2480046 and 11235.
321
What is the highest common divisor of 25329863 and 1339?
1339
Calculate the highest common divisor of 8714240 and 30636.
3404
Calculate the greatest common factor of 242 and 10768153.
121
Calculate the highest common divisor of 2160 and 94775130.
270
What is the greatest common factor of 613143670 and 470?
470
Calculate the highest common divisor of 633360 and 9073520.
2320
Calculate the greatest common divisor of 1019525 and 2275.
325
What is the highest common factor of 11576 and 6952835?
1447
What is the greatest common divisor of 351076 and 5437333?
869
What is the greatest common factor of 9126335 and 1060?
265
What is the greatest common factor of 33378939 and 26136?
3267
What is the highest common factor of 1167250 and 2590?
70
Calculate the greatest common factor of 175 and 9750725.
25
What is the greatest common factor of 34680 and 315?
15
Calculate 